, -3*w + 4*k = -44840. What is the hundreds digit of w?
9
Let c(j) = -21*j + 2. Suppose 5*f - 145 - 116 = -2*p, -f = 4*p - 63. Let x = f - 58. What is the tens digit of c(x)?
4
Suppose 5*x - 18*o = -22*o - 220, -2*x + o = 88. What is the thousands digit of (2 - 186/(-4))/(x/(-1232))?
1
Let o = 20336 - 11839. What is the hundreds digit of o?
4
Let h = -1155 + 6162. What is the units digit of h?
7
Let n = -26 - -80. Suppose -47*b - 2002 = -n*b. What is the tens digit of b?
8
Let p = 16 + -14. Let y(u) = u**2 - 2*u + 1. Let f be y(p). Suppose 0*o = -o - 5*g - f, 4*o - 3*g = 42. What is the units digit of o?
9
Suppose -2*r - 170 = -3*s, -4*s + 2*s = 3*r - 109. Suppose -b - 3*x = -x + 21, 0 = b + 4*x + 15. Let w = b + s. What is the tens digit of w?
2
What is the hundreds digit of 18221 - ((-35)/7 - 18)?
2
Suppose -4029*s + 4030*s - 157 = 0. What is the hundreds digit of s?
1
Let o = -925 + 930. Suppose 0 = -0*g + 3*g - 12. Suppose -o*k + 64 = -4*j + 4, -k + g*j = -12. What is the tens digit of k?
1
Let s = 19275 + -1598. What is the units digit of s?
7
Let u = -493 - -507. Suppose 3*l - 2*g = -8, 3*g - 13 + 1 = 4*l. Suppose u*w - 2517 - 101 = l. What is the units digit of w?
7
Let t(m) = 4*m**2 + 27*m - 239. What is the units digit of t(26)?
7
Suppose 5*a - 76 = -56, 0 = 2*f + 5*a - 3400. What is the units digit of f?
0
Suppose 0 = 5*u - o - 97924 - 28679, 0 = 8*u + 4*o - 202604. What is the hundreds digit of u?
3
Suppose -197*h - 2004316 = -15626078. What is the hundreds digit of h?
1
Let r = -205 + 211. What is the tens digit of r - (-98 - (3 + -6))?
0
Suppose -10*p + 2*h = -11*p + 169, 10 = 2*h. What is the tens digit of p?
5
Let m be (-1 + 2 + -4)*(-2)/3. Suppose -10*j + 5*j + 782 = 4*a, a + 318 = m*j. What is the tens digit of j?
5
Let y = -19479 - -38184. What is the units digit of y?
5
Suppose -234 = 3*l - 5*c, 4*l + 3*c - 139 + 422 = 0. Let x be (2/6)/((-5)/15) - 63. Let g = x - l. What is the units digit of g?
9
Suppose 5*r = 3*r + 198. Suppose -140 = -5*j + 2*s + r, 5*j = 5*s + 245. What is the tens digit of j?
4
Suppose -66*h - 7896 = -2*m - 62*h, -25 = -5*h. What is the tens digit of m?
5
Let s = 23019 - 13183. What is the thousands digit of s?
9
Let u = 33609 + -17117. What is the tens digit of u?
9
Let m = 271 - 163. Suppose -5*d = -11*d + m. Let u(q) = 6*q - 30. What is the units digit of u(d)?
8
Let j be (3*1/2)/((-33)/(-198)). Suppose -4*f = -f - j. Suppose -2*u = f*t - 485, -2*u = 2*t + 45 - 535. What is the hundreds digit of u?
2
Let j = -494 - -494. Suppose -t + 582 + 131 = j. What is the hundreds digit of t?
7
Let u be 2/((-8)/(-3732)) + 0. Let v be -1 + (-1 + 0)/(40/(-120)). Suppose 5*n - v*n - u = 0. What is the tens digit of n?
1
Suppose 3*d - 5*d = o, 4*o - 24 = 4*d. Let b(u) = 6*u**3 - 5*u**2 + 9*u - 5. What is the units digit of b(o)?
5
What is the hundreds digit of ((-25280)/15)/(((-6)/9)/(8/2))?
1
Suppose u + n = 8028, -66 = n - 61. What is the tens digit of u?
3
Let x(p) = 50*p**2 + 43*p + 111. What is the tens digit of x(-3)?
3
Suppose -191 - 55 = -2*f. Suppose -p + 4*p + f = 0. Let w = p - -119. What is the units digit of w?
8
Let h = -10906 - -32076. What is the ten thousands digit of h?
2
Let k(o) be the second derivative of -16*o + 5/3*o**3 + 0 + 1/4*o**4 + 3*o**2. What is the units digit of k(-7)?
3
Let a = 11 + -11. Let r(l) = l + 44. Let d be r(a). Let s = 99 + d. What is the tens digit of s?
4
Let q(y) = 10*y + 3. Let g = 1 + 41. Let l be g/(-15)*(-15)/6. What is the units digit of q(l)?
3
Let h(m) = m**3 - 16*m**2 + 17*m - 30. Let b be h(15). Suppose b = -6*i + 4 - 10. What is the tens digit of (-17)/34*(i + (-57)/1)?
2
Suppose -2*z + 9805 = -5*w, -7150 = -2*z - 5*w + 2625. What is the thousands digit of z?
4
Let b(g) = g**2 - 1. Let f(s) = s**2 - 16*s - 28. Let v(m) = -2*b(m) + f(m). Let n be v(-14). Suppose 0 = n*d - 17 + 11. What is the units digit of d?
3
Let v(x) = 580*x - 989. What is the units digit of v(14)?
1
Let j(f) = -13*f**2 + 3*f - 2. Let d be j(1). Let c be (-1684)/(-16) + d/(-16). Suppose -2*q + 4*q + 4*l = c, 3*q = 5*l + 137. What is the tens digit of q?
4
Let h = -3726 + 11499. What is the thousands digit of h?
7
Suppose 2*y - 5*w - 2 = -10*w, -48 = 4*y - 3*w. Let b(p) = -3*p**2 - 80*p. What is the tens digit of b(y)?
7
What is the tens digit of (-609495)/(-681) + -3 + 0/(-2) + -1?
9
Suppose 356 = c + 5*j + 14, 3*c - 5*j - 1106 = 0. Suppose -5*o - 3*l + c = -331, -689 = -5*o + l. What is the tens digit of o?
3
Suppose 3*d = 15, -36*i + 2*d - 26 = -40*i. Suppose -5*u - i*f = -1925, 2*u + 3*u - 2*f = 1925. What is the units digit of u?
5
Suppose 6*t + 21678 = 2*m, 5*m - 54111 = -6*t + 9*t. What is the tens digit of m?
1
Let f(r) = -r**3 - 2*r**2 + 9*r + 8. Let m be f(-5). Let k = 62 - m. Suppose 2*s = -4*u + k, -s - 16 = -2*s - 3*u. What is the units digit of s?
4
Suppose -5*s + 99090 = -5*y, -45*y + 43*y = 14. What is the hundreds digit of s?
8
Let y(i) = -1023*i - 994. What is the units digit of y(-5)?
1
Let k(v) = -16*v. Let f be k(-1). Let p(l) = 3*l + 3*l + 0*l + 9 + 0*l + 21. What is the units digit of p(f)?
6
Suppose -5*m = -9*m - 120. What is the tens digit of (-5898)/(-21) + m/35?
8
Suppose -52*g + 48*g = 4212. Let r = -648 - g. What is the units digit of r?
5
Let c = 30 + -26. Suppose 9 = c*f + 37. Let t = f - -28. What is the units digit of t?
1
Let x(w) = 1457*w**2 + 11*w - 18. What is the ten thousands digit of x(4)?
2
Let l = 4209 - -2737. What is the thousands digit of l?
6
What is the tens digit of 2 - 1*(-186)/3?
6
What is the units digit of (2 + 0 - (5 + 3 - 5))*-3687?
7
Let c be (-4)/(-2 - 0) - (-8 + -93). Suppose c*r + 4475 = 108*r. What is the hundreds digit of r?
8
Let x(m) = -4*m**2 - 2*m - 1. Let q be x(-1). Let l be -5 + 172/20 + q/5. What is the tens digit of l/(-9)*-249 + 4?
8
Suppose 7*o = -108 - 312. Let m = -58 - o. Suppose 7*j - 320 = m*j. What is the tens digit of j?
6
Suppose 0 = 3*u - 3*s - 36221 - 3565, -2*s + 53042 = 4*u. What is the ten thousands digit of u?
1
Let a(u) be the first derivative of 5*u**2 + 16*u + 15. Let f be a(-2). Let i(v) = 4*v**2 - 8*v + 5. What is the units digit of i(f)?
1
Let t(b) = 3028*b - 748. What is the ten thousands digit of t(4)?
1
Let j = 1206 - 682. Let v = 66 + j. What is the hundreds digit of v?
5
Suppose -76 = 16*q - 12*q. Let g = q + 18. What is the units digit of 1*(2 + g) - 0?
1
What is the tens digit of 157076/22 - (8/8)/(22/(-4))?
4
Let x = -1345 + 1735. What is the units digit of x?
0
Suppose -28*c = -80*c + 186316. What is the hundreds digit of c?
5
Let r(c) = -c**2 - 58*c + 111. Let n(q) = q**2 + 11*q - 37. Let d be n(-10). What is the hundreds digit of r(d)?
6
Let x = 12707 + -7203. What is the tens digit of x?
0
Let w(n) = 284*n - 1492. What is the units digit of w(29)?
4
Suppose 15*v - 9*v - 280850 = -19*v. What is the tens digit of v?
3
Let r = 74882 + -48532. What is the ten thousands digit of r?
2
Let p(b) = 3*b**3 - 53*b**2 - 29*b + 183. What is the tens digit of p(22)?
3
Let y(h) = 61 + 22*h - 43 + 39 + 28. What is the hundreds digit of y(19)?
5
Let s(m) = -m**3 - 6*m**2 + 5*m - 18. Let b be s(-7). What is the hundreds digit of (22/b)/(94/(-21244))?
2
Let m(i) = -787*i + 351. What is the units digit of m(-12)?
5
Let w(l) = -l**3 - 15*l**2 - 4*l - 48. Let k be w(-15). Suppose 4329 = a + k*a. What is the hundreds digit of a?
3
Let f(u) = -u**3 - 26*u**2 + 62*u - 82. What is the thousands digit of f(-33)?
5
Let v be (0/(4 - 1))/(12 - 10). Suppose v = 4*p - 237 - 1883. What is the tens digit of p?
3
Suppose -3*f - l = -318, 0 = -0*l - 4*l. Let v = 175 - 233. Let n = v + f. What is the tens digit of n?
4
Suppose -277151 = 90*h - 227*h. What is the hundreds digit of h?
0
Let q(n) = -149*n - 8. Let d be q(-5). Let k = d + -403. What is the hundreds digit of k?
3
Suppose 4*g - 2354 = 3*g - 2173. Suppose p + 169 = -2*o, -2*o + 3*p = 2*p + 179. Let i = o + g. What is the tens digit of i?
9
What is the tens digit of -13 + 24 - 154962/(-9)?
2
Let q(b) = 65*b**2 + 15*b + 498. What is the ten thousands digit of q(24)?
3
Let v(w) = w**2 + 3*w - 2. Let f be -2 + (-4 - 16)/(-4). Let d be v(f). Let t(m) = -m**2 + 15*m + 34. What is the tens digit of t(d)?
1
Suppose 0 = -5*m + u + 98156, 5*m + 4*u - 98126 = -0*m. What is